*5*(13 + 3). Suppose -5*d + 827 = 4*o, -2*o + 251 = 5*d - k. What is the highest common factor of 16 and o?
16
Suppose 0 = 5*z - 30 + 25. Suppose d - z - 4 = 0. Suppose -5*k + 3*k = -3*g + 65, -d*g + 109 = -4*k. What is the greatest common divisor of 7 and g?
7
Let u be 0 - 1 - 0 - -14. Suppose y - 10*s = -5*s - 125, 5*s - 530 = 4*y. Let t be (-1422)/(-12) + (y/(-10))/(-9). What is the highest common factor of u and t?
13
Suppose -19500 = -g + 5*p - 1777, -6*p = g - 17668. Calculate the greatest common factor of 2 and g.
2
Suppose -2*k + 6*z - 4*z + 48 = 0, 3*k - 4*z - 71 = 0. Suppose 3*i - j = k, -3*j - 2 = 1. Calculate the greatest common factor of i and 88.
8
Let t = 1 - -3. Suppose s - g = -23 + 36, -16 = 5*s + 4*g. What is the highest common factor of t and s?
4
Let s(h) = -945*h**3 + h**2 - 4*h - 5. Let i be s(-1). Let f be (2/(-6) - 0)/((-35)/i). Calculate the highest common factor of 153 and f.
9
Let u = 16525 - 11961. Calculate the greatest common factor of 56 and u.
28
Let o = -531 - -6581. What is the greatest common factor of o and 110?
110
Let f = 3014 - 2984. Calculate the highest common factor of 1830 and f.
30
Let w(l) = 63*l - 560. Let y be w(17). What is the greatest common factor of y and 28?
7
Suppose -91 = -3*u + 107. Let l(z) = -30*z + 125. Let k be l(4). Suppose -k*f = r - 68, r + r - 2*f - 184 = 0. Calculate the greatest common divisor of r and u.
22
Suppose 2*y = -4*n + 542, y - 3*y = -5*n + 646. Calculate the highest common factor of 156 and n.
12
Let a(k) = k**3 + 13*k**2 - 10*k + 25. Let v be a(6). Let g = 311 + v. Calculate the highest common factor of g and 64.
64
Suppose -6 = w + 3*d, -2*w = -3*d - 7 + 1. Let t be 8496/16 + (-3 - 0) + w. What is the greatest common divisor of t and 48?
48
Let g be 216/(-243) - (-3184493)/117. Calculate the highest common divisor of g and 17.
17
Let f = 22 - -36. Let d(a) = 10*a - 90. Let m be d(9). Suppose m = -6*x + 1013 - 143. What is the greatest common factor of f and x?
29
Let u(f) = -2*f - 56. Let q be u(-25). Let y(b) = 12*b + 8. Let p be y(q). Let k = 93 + p. Calculate the highest common divisor of 87 and k.
29
Let n = -4608 - -4626. What is the highest common divisor of 1536 and n?
6
Let o be 108/(-9) - (3/(-1) + 5). Let s(x) = -x**3 - 11*x**2 + 37*x + 35. Let z be s(o). Calculate the highest common divisor of z and 42.
21
Suppose 7*q = 198 + 544. Let k = -39 + q. Let s = k - 60. What is the highest common factor of 35 and s?
7
Suppose -2*r - 7*d + 5*d + 8424 = -7332, 0 = 5*d. Calculate the highest common factor of 78 and r.
78
Suppose 0*v + 62 = v - g, -5*v - 3*g = -294. Suppose -2*l - 26 = -4*k + 20, 5*k - v = 2*l. What is the greatest common factor of 2 and k?
2
Suppose -10*n + 9*n = -5*v + 673, 0 = -5*v - n + 667. What is the highest common factor of v and 8978?
134
Let b = -68 + 71. Let p(n) = n**3 + 2*n**2 + 3*n**b + n**2 - 4. Let s be p(2). Calculate the highest common divisor of 20 and s.
20
Suppose -4*l + 12 = 0, -2*o + 2*l + 45 = 5. Let c = -43596 - -43849. Calculate the greatest common factor of o and c.
23
Let l(h) = 4*h**3 - 24*h**2 - 25*h - 20. Let s be l(13). Calculate the highest common factor of s and 41.
41
Let p = 3785 + -3090. What is the highest common divisor of 973 and p?
139
Let f(h) = -h**3 - 6*h**2 + 6*h + 7. Let t(l) = 14*l - 9. Let b be t(-3). Let s = -58 - b. Let j be f(s). Calculate the greatest common divisor of 70 and j.
14
Let d be 7 + (-36)/4 + 250. Calculate the highest common factor of d and 3875.
31
Let h(p) = -64*p - 240. Let k be h(-6). What is the highest common factor of 1224 and k?
72
Suppose -5763 + 5957 = 5*u - x, -2*x = 4*u - 172. Suppose -4*d = z - 61, 2*d - 3*z - 24 = 17. Calculate the highest common divisor of u and d.
8
Let s be 12*(-800)/90*(-192)/20. Calculate the highest common divisor of 304 and s.
16
Suppose 5*b = 3*m - 8*m - 5, -5*m + 45 = -5*b. Let x be 101/2 - (-30)/(-20). Let t be (-2)/6*(m - x). What is the greatest common divisor of 5 and t?
5
Let r = 1348 - 1172. Calculate the highest common factor of 275 and r.
11
Let k = 46 + -1. Suppose -22*r + 26*r = 0. Suppose 4*o + 4*w - 116 = 0, -77 = -3*o - r*w + 2*w. What is the highest common factor of k and o?
9
Let q be (-5)/4*(-60)/(-15) + 10. What is the greatest common divisor of 135 and q?
5
Let g be 11 - (60/12 - 394). What is the highest common factor of g and 175?
25
Let c be (-4)/(-6) + 646/3. Suppose -80*t + 4464 - 290 = -146. What is the highest common divisor of t and c?
54
Suppose 28*o - 543 - 2579 = 70. Calculate the greatest common divisor of 2432 and o.
38
Let v = 83 + -38. Let y(r) = 8*r - 7*r + 22*r - 2*r - 27 + 2*r**2. Let m be y(-12). What is the greatest common factor of m and v?
9
Let c = 9107 + -8554. What is the highest common factor of c and 126?
7
Suppose 0 = -3*k + 8*k - 10. Suppose -7*o = -8*o + k. Suppose -2*l = 4*f - 472, 168 + 56 = o*f + 4*l. Calculate the greatest common divisor of f and 30.
30
Suppose 33*j - 59*j = -14*j - 4500. What is the highest common factor of 30 and j?
15
Let v be ((-52920)/(-1050))/((-67)/70 - -1). Suppose -21*x + 28*x = v. Calculate the greatest common divisor of 112 and x.
56
Let h be ((-56771)/(-13))/11 - -21. Calculate the highest common divisor of h and 684.
38
Let u(g) = 32*g. Let d be u(6). Let o be 2496/(-195)*30/(-4). Suppose 10*l + o = 14*l. What is the highest common divisor of d and l?
24
Suppose 23956 = 41*t + 7556. Calculate the highest common factor of 80 and t.
80
Suppose g = -1, -6*t + 2*g = -5*t - 19. Let h be -5*6/30*(-1 - 16). What is the greatest common factor of h and t?
17
Let v = -37 - -58. Suppose 4*z - v = 47. Suppose -4*m + 424 + 188 = 0. What is the highest common factor of m and z?
17
Let c = 243 - 138. Calculate the highest common divisor of 255 and c.
15
Let p(o) = -o**3 + 48*o**2 - 56*o + 482. Let g be p(47). Calculate the greatest common divisor of g and 11151.
59
Let v(s) = s**2 + 30*s + 89. Let k be v(-27). Let r be (-388)/(-2)*(-1)/(-2). Let x = 185 - r. What is the highest common divisor of x and k?
8
Suppose -a = 7*a + 56. Let f = 5 - a. Let v be (-2 + 5)*160/f. What is the highest common factor of v and 16?
8
Let p = -414 - -413. Let k = p - -11. What is the greatest common factor of k and 16?
2
Let p be -5 - -9 - (-42)/3. Suppose -2*k + 7*q - 2*q - 23 = 0, -k = -5*q + 19. Let z = 14 - k. Calculate the greatest common factor of p and z.
18
Suppose 9 = 3*o + 3. Suppose 0 = -o*i - 3*i + 140. Let n be (-83 - 1)*18/(-36). What is the greatest common divisor of n and i?
14
Suppose -39585 = -225*v + 915. Calculate the greatest common factor of v and 4635.
45
Suppose -2*y - 3*i + 13 = 0, 3*i + 0 = -3*y + 18. What is the highest common divisor of y and 755?
5
Suppose t = 3*l - 87436, 0 = -13*t + 26 - 0. What is the highest common divisor of l and 247?
247
Let u be 619197/(-9)*(-5)/15 + 24/(-108). What is the greatest common divisor of u and 34?
17
Let r = -86 - -91. Suppose -p + 2*q = -58, p + r*q - 3*q - 38 = 0. Calculate the highest common divisor of p and 32.
16
Suppose 0 = 21*w - 113 - 181. What is the highest common divisor of w and 8?
2
Let m be (3/(-2))/(((-1)/1266)/(-1)). Let c be (m/(-24) - 4) + 5/(-40). Calculate the greatest common factor of c and 15.
15
Suppose 0 = 6*b + 9*b - 180. Suppose -144 - 24 = -b*a. What is the greatest common factor of 6 and a?
2
Let u = 26456 + -25433. What is the highest common divisor of u and 279?
93
Let l be -2 + 5 + 0 + (-1 - 48). Let f be ((-22)/4 + 0)*(-4 + l). What is the highest common factor of f and 110?
55
Suppose -26*k + 43*k - 714 = 0. Suppose 4*a = 3*q + 1500, 3*q = -5*a - 2*q + 1910. Calculate the highest common factor of a and k.
42
Suppose -28*o - 321 = -37*o + 723. Let q(s) = -4*s - 4. Let c be q(-4). What is the greatest common divisor of c and o?
4
Let j = -247 + 212. Let a = 42 + j. What is the highest common factor of a and 56?
7
Let c(f) = 3*f**3 - 20*f**2 + 46*f - 12. Let w be c(9). Calculate the highest common divisor of 306 and w.
51
Suppose -23*u + 2555 + 5180 = -23177. What is the greatest common factor of 288 and u?
96
Let f = -247 + 502. Suppose -4*l + 325 = -0*l - s, -3*s - f = -3*l. Let p = 5 + 5. Calculate the highest common factor of p and l.
10
Suppose 81 = h + 27. What is the greatest common factor of